Let z be (-13)/(-39) + o/6. Calculate the highest common factor of 56 and z.
28
Suppose -2*x + x + 3*b = -25, 2*x + 5*b - 61 = 0. Let l = x + -6. Calculate the greatest common divisor of 11 and l.
11
Suppose -l - 2*f = -6, 5*l - 37 = -0*l - 3*f. Let s(d) = -9*d - 24. Let b be s(-2). Let v be (-20 + l)*b/4. What is the highest common factor of v and 126?
18
Let v(t) = -5*t - 2. Let k be v(-6). Let d = k + -22. Calculate the greatest common divisor of 3 and d.
3
Let u be ((-2)/4)/(1/(-52)). Let b be 0 + -1 + 1647/9. What is the greatest common divisor of b and u?
26
Let p = -36 - -34. Let y be (p - (-6)/3) + 8. Calculate the greatest common divisor of 88 and y.
8
Suppose -j + 19 = 5*r, r = -0*j + j - 25. Calculate the highest common factor of 768 and j.
24
Suppose -26*y + 429 = -195. Let a be (-8)/(11/(-9) - -1). Calculate the highest common divisor of y and a.
12
Suppose 5*y - 900 = -4*h, -2*y - 6*h + h + 343 = 0. Suppose 52 - y = -r. What is the greatest common factor of r and 11?
11
Suppose 0 = -4*z - 5*n + 73, -5*n + 6 = -z - 7. Let y = z + -2. What is the greatest common factor of y and 110?
10
Suppose -4*n = w - 264, 0 = -n - 2*w - 0*w + 73. Suppose -2*h - n = -7*h. Calculate the highest common factor of h and 91.
13
Suppose 5*p + 122 = d - 100, -4*p - 5*d - 166 = 0. Let z = -32 - p. Calculate the greatest common divisor of z and 2.
2
Let z(s) = -s**2 - 5*s - 6. Let p be z(-4). Let l be (-12)/p*(-42)/(-12). Let m = -79 - -93. Calculate the greatest common divisor of m and l.
7
Let k(z) = -z**3 + 4*z**2 + 7*z - 5. Let h be (0 - 1)/1*-1. Let q be h/(-3) + 48/9. Let o be k(q). Calculate the greatest common factor of 25 and o.
5
Let o(z) = 2*z**2 + 7*z - 7. Let l be o(-6). Let r be (44/(-66))/((-2)/387). Let m = -14 + r. Calculate the greatest common factor of l and m.
23
Suppose 3*t + 782 - 2262 = -a, -4*a = 20. Calculate the greatest common factor of t and 110.
55
Let q = -43 - -47. Suppose -h + 56 = -3*k, -k + q*k - 32 = -h. What is the highest common divisor of 110 and h?
22
Let l = -50 + 83. Let u(y) = -18*y - 6. Let b be u(-4). What is the greatest common divisor of l and b?
33
Let v = -237 - -582. Calculate the highest common factor of v and 60.
15
Let z(s) = -s - 4. Let w be z(7). Let p = w + 17. Suppose -o = -p*o + 20. Calculate the greatest common divisor of o and 1.
1
Let j(k) = -2*k**3 + k + 4. Let g be j(-2). Suppose -2*n = -248 - g. Calculate the highest common divisor of 19 and n.
19
Suppose 0 = g - 15 - 31. Let y = -2969 - -3015. What is the highest common divisor of y and g?
46
Suppose -253 = -7*m + 167. Suppose -3*w + 38 = j, -5*w = 5*j - 0*j - m. Let k = 113 - 74. Calculate the greatest common factor of w and k.
13
Let v(k) = k**2 + k - 4. Let t be v(-6). Let p be 99 + 2/1 + 3. Calculate the highest common divisor of p and t.
26
Suppose 6*s + 115 = s. Let i = -35 - s. Let x = i + 13. What is the greatest common divisor of 5 and x?
1
Let q be 0/(1*(-2 - -1)). Suppose 0 = -g - q*g + 4. Suppose g*p - 8 = 24. Calculate the greatest common divisor of p and 2.
2
Let c be 0/(6 + -3 - 1). Suppose c = 4*r + m - 17, m = -4*r - 2*m + 27. Suppose -r*k + k + 30 = 0. What is the highest common factor of k and 75?
15
Suppose -46 = 4*o - 38, -4*t = 4*o - 4284. Calculate the greatest common divisor of t and 111.
37
Let n(y) = 2*y**2 - 23*y + 37. Let w be n(11). Calculate the highest common divisor of 442 and w.
26
Suppose -g - 4*h + 197 = 4*g, 0 = -4*g - h + 151. What is the highest common divisor of 296 and g?
37
Suppose 2*x + 2*w - w + 59 = 0, -2*x = -3*w + 63. Let b be -2*5/x*87. What is the greatest common divisor of b and 319?
29
Let u be 1/4*4 - -225. Suppose -u = -h - 14. Let w = -116 + h. What is the highest common divisor of 32 and w?
32
Let h(z) = z**2 + 4*z + 12. Let j be 1*-2*(-5)/20*-8. Let n be h(j). Calculate the highest common divisor of n and 96.
12
Let u = -19 - -22. Let q be (-1)/u*3 - -113. What is the highest common divisor of 28 and q?
28
Let r = -22 - -13. Let d = r + 17. Let h = -21 - -29. Calculate the highest common factor of d and h.
8
Suppose -18*h - 1484 = -71*h. Calculate the greatest common factor of 14 and h.
14
Let r be (1*-1)/(-8 - 25179/(-3150)). What is the greatest common factor of 48 and r?
6
Let z = -23 + 28. Let b be (-1)/(3*z/(-150)). Let n(i) = -i**3 + 10*i**2 + 4. Let u be n(b). What is the greatest common factor of u and 12?
4
Let m(p) = -p**3 + 7*p**2 + 6*p - 4. Let l be m(6). Suppose -h = -2*h + l. Let s be (58/(-232))/(2/(-136)). Calculate the highest common factor of h and s.
17
Suppose -m = -31 - 29. Calculate the greatest common divisor of m and 150.
30
Let b(x) = 3*x - 13. Let n be b(10). Suppose -4*f = -5*f + 2. Suppose 3*o + u = -f*o + n, 0 = -4*o - 3*u + 18. What is the highest common factor of o and 12?
3
Let b(v) = -96*v - 640. Let l be b(-7). Let s = 3 + 5. Let t(p) = -p**3 + 10*p**2 - 12*p. Let f be t(s). Calculate the greatest common divisor of f and l.
32
Let s(v) = -v**3 - 4*v**2 + 4. Let k be s(-4). Let d be 28/(-12)*(1 - k). What is the greatest common factor of d and 133?
7
Let f be ((-10)/3)/(8/24). Let m = 37 + f. Let a = -49 - -52. What is the greatest common factor of a and m?
3
Let k(v) = 6*v**3 + 3*v**2 - 2*v + 6. Let d be k(4). What is the highest common divisor of 10 and d?
10
Let h(x) = 2*x + 140. Let m be h(-27). What is the highest common factor of 43 and m?
43
Let q = 308 - 304. Let p = -10 + 20. Calculate the highest common factor of p and q.
2
Let z = 10 + -8. Suppose -2*n + 27 = -t, z*t + 2 = 8. Suppose -1476 = -8*p - 156. What is the greatest common divisor of p and n?
15
Let b be (52/(-91))/(2*(-3)/21). Calculate the highest common factor of b and 64.
2
Let m(a) = a**2 - 2*a + 1. Let o be m(2). Let t(z) = z + 1. Let q = 10 - 4. Let j be t(q). What is the highest common factor of o and j?
1
Suppose 2*q + 2*o = q + 39, 0 = -5*q - o + 186. Calculate the greatest common factor of q and 259.
37
Let f be ((-6)/(-5))/((-2)/(-5)). Let b = 17 + -15. Suppose -8 = -w - b. What is the greatest common divisor of f and w?
3
Let c be (-5 - 4)/((-2)/2). Suppose -c + 1 = 2*p. Let u be (-13)/p - (-24)/32. Calculate the greatest common factor of u and 36.
4
Let b(n) = 5*n + 412*n**2 - 411*n**2 + 1 - 3. Let h be b(2). Calculate the highest common factor of h and 96.
12
Let t(c) = c**3 + 19*c**2 + 30*c - 32. Let z be t(-16). What is the greatest common divisor of 8 and z?
8
Suppose -3*d = 5*g - 77, -4*d + 2 = g - 78. What is the greatest common factor of d and 437?
19
Let x(r) = r + 9. Let k be x(-8). Let f be (k - 0 - -7)/2. Suppose -y + f + 2 = 0. What is the greatest common factor of 54 and y?
6
Let b = -1060 + 1277. What is the greatest common factor of 93 and b?
31
Suppose 0 = -5*i + a - 3*a + 18, -3*i + 5*a - 14 = 0. Suppose i*n = 3*n - 11. Let q = 52 - 8. Calculate the greatest common factor of n and q.
11
Let w be (-24)/9*3/(-2)*11. Let i = 155 - 111. What is the highest common factor of w and i?
44
Suppose -3*l + 6*l = 66. Suppose 0 = -86*v + 68*v + 594. What is the greatest common factor of l and v?
11
Let n(z) = -7*z - 4. Let o be -4*((-2)/2 + -4). Let s be o/(-8)*(-24)/(-20). Let k be n(s). What is the greatest common factor of k and 17?
17
Let g = -21 - -26. Suppose g*y + 7*q - 10 = 2*q, 3*q - 24 = 3*y. Let x be 53/(y + 4) + 4. Calculate the greatest common divisor of x and 38.
19
Let b = -13 - -73. Calculate the greatest common divisor of 105 and b.
15
Suppose u - 225 = -4*u. Suppose -10 + u = 5*l. Let z(q) = 2*q**2 - 12*q + 8. Let y be z(l). Calculate the highest common divisor of y and 22.
22
Let i be (-5)/(-2)*372/30. Calculate the highest common factor of i and 8.
1
Let q(i) = 3*i**3 - 33*i**2 + 32*i - 19. Let h be q(10). What is the highest common divisor of 31 and h?
1
Let k = 37 + 11. Let t = k + -24. What is the greatest common factor of 3 and t?
3
Suppose -44 = -a - 4*x + 28, 0 = 4*a + 4*x - 264. Calculate the greatest common divisor of 64 and a.
64
Suppose -3*b - 157 = 4*u, 0*b + 4*b + 205 = -u. Let n = -34 - b. What is the greatest common factor of 51 and n?
17
Let l(q) = 5*q**2 + 6*q**2 - 3*q - 3 + 2*q + q**3 - 13. Let y be l(-11). Let m(a) = -2*a + 1. Let c be m(y). What is the highest common factor of 121 and c?
11
Suppose -3*g - 158 = 2*h, -49 = g -